se 8 = 25*d - 21*d. Suppose 4*s + 0*s + 88 = 5*c, -c + 26 = d*s. What is the units digit of c?
0
Suppose 2*k + 3*k = -4*r + 79, 5*k - 3*r - 72 = 0. Let z(j) = -9*j - k - 3*j + j**2 + 3*j. What is the units digit of z(11)?
7
Let r(v) = 10*v + 4. Let y = 1 + 1. Suppose -o + y = -0. What is the units digit of r(o)?
4
Let t(j) = 2*j**3 + 2*j**2 - 2. Let p be t(1). Suppose 5*o - h = 961, 3*o + p*h - 188 = 386. What is the units digit of o?
2
Let a(b) = -66*b + 59. What is the units digit of a(-15)?
9
Suppose 57120 = -43*b + 63*b. What is the tens digit of b?
5
What is the units digit of (718 - -21)/((-2)/6*-3)?
9
Suppose 706 - 2461 = -13*h. What is the hundreds digit of h?
1
Suppose 0*o - 125 = -5*o. Let r = o + -15. What is the units digit of (5 - 1)/(-9 + r)?
4
What is the hundreds digit of (-1 - -2922)*(-64)/(-64)?
9
Let z = 26 - 32. What is the units digit of 3/z*-138 - 4?
5
Let m = 3 - -1. Let v(i) = -i**2 + 16*i + 16. Let w be v(17). What is the tens digit of m + (w - 1) + 19?
2
Let o(z) = z - 1. Let i(h) = 16*h + 97. Let x(k) = -5*k - 32. Let j(s) = -2*i(s) - 7*x(s). Let y(b) = j(b) - 2*o(b). What is the tens digit of y(0)?
3
Let y = 3957 - 307. What is the thousands digit of y?
3
Let i(v) = -6*v - 4*v - 11 + 12*v**2 + 16*v - 7*v**2. What is the units digit of i(2)?
1
Suppose -3*r + 4*s + 23 = -2*r, 0 = -r - s + 3. Suppose -3*p = -r*p + 60. Suppose -3*m = -p - 6. What is the units digit of m?
7
Let n = 14 + -8. Suppose -5*m - 21 = -k, n = 3*k + 4*m - 0*m. What is the units digit of k/24 + (-19)/(-4)?
5
Let b(j) = j**2 - 13*j + 1. Let z be b(11). What is the units digit of -1 - 167/(-7) - 3/z?
3
Let c be -3 - 26/(-8) - 22/(-8). Suppose -4*p + 2*k = -41 - c, 4*p - 52 = -2*k. What is the tens digit of p?
1
Suppose -g + 6 = 1. Suppose 0 = g*c - 4*a - 116, -3*c - a = -51 - 22. What is the tens digit of c?
2
Let y(n) be the first derivative of -7*n**2/2 - 14*n + 2. What is the tens digit of y(-18)?
1
Let g = -56 - -67. Suppose d + 5*a - 96 = 0, -g = -5*d - 3*a + 535. What is the tens digit of d?
1
Suppose -3*j - 2295 = -4*y, -2*j + 1120 = 5*y - 1720. What is the hundreds digit of y?
5
Let t = 186 + 22. What is the hundreds digit of (-5)/((-10)/t) + 2 + -4?
1
Let z(q) = -q**2 + q - 1. Suppose -8 = -j - 4*j - 3*w, -2*w + 3 = j. Let s be z(j). What is the units digit of 2*(6 - (s - -3))?
8
Let y(h) = h**3 - 4*h**2 + 0*h - 9 - 2*h**3 - 5*h. What is the units digit of y(-4)?
1
Let b be (4 + 0 - 0)*1. Suppose -2*s = s - b*w, 5*s + w = 0. Let n(r) = -r**2 - r + 6. What is the units digit of n(s)?
6
Suppose -4*v = -2*a + 28, -20 = 5*v + 4*a + a. What is the tens digit of (-12)/(-18) + (-158)/v?
2
Suppose -8*t = -1169 - 6111. What is the hundreds digit of t?
9
Let h = 211 - 136. What is the tens digit of h/1 + (-10 - -6)?
7
Let t(j) be the second derivative of -9*j**7/280 - j**4/24 + 2*j**3/3 - 3*j. Let b(y) be the second derivative of t(y). What is the tens digit of b(-1)?
2
What is the units digit of (24020/(-30))/(1*(-4)/6)?
1
Suppose -6 = -w - w. Suppose 15 = w*m + 2*m. Suppose 0 = m*a - 242 + 59. What is the tens digit of a?
6
Let s = 42 + -42. Suppose k - 90 = -s*k. What is the tens digit of k?
9
Let l(z) = 21*z + 2. Let a be l(-5). Let h(x) = -x**3 - 6*x**2 - 6*x + 5. Let b be h(-4). What is the tens digit of 1/(b + a/(-34))?
3
What is the thousands digit of ((-22728460)/200)/(-29) + 3/10?
3
Suppose v + 20 = 5*h - 14, 3*h - 60 = 5*v. What is the units digit of (-816)/v + 3/((-18)/(-8))?
2
Let z = -2306 + 3971. What is the units digit of z?
5
Let l(g) = -g**3 + 10*g**2 + 11*g + 9. Let y(d) = 2*d**3 - 19*d**2 - 22*d - 17. Let k(n) = -7*l(n) - 4*y(n). What is the units digit of k(6)?
1
Suppose 2*v = -2*g + 3 + 25, 5*v - 53 = -4*g. Suppose 0 = -3*l + g*l - 3136. What is the tens digit of l?
2
Suppose k = 4*z + 11, 3*k = 7*k + 4*z - 4. What is the tens digit of 3*k/(-18*4/(-848))?
0
Let g be 14/(-14) + (52 - 1). Let s = -18 + g. What is the units digit of s?
2
Let h(f) = f**2 + 20*f + 35. What is the units digit of h(10)?
5
Let a be ((-377)/(-6) - 1) + (-7)/(-42). Let z = a + -38. What is the tens digit of z?
2
Suppose -9 + 77 = t. Let r = t + -13. What is the tens digit of r?
5
Let u(a) be the third derivative of a**5/20 + a**4/12 + 13*a**3/6 - 8*a**2. What is the tens digit of u(7)?
7
Let y = 33 - 14. Let x = 41 + y. What is the units digit of x?
0
Let g(f) = 2*f**2 + 7*f - 24. What is the tens digit of g(-18)?
9
Let j(l) = -l**3 - 22*l**2 - 16*l - 17. Let y be j(-21). Let x = 219 + y. What is the tens digit of x?
9
What is the tens digit of ((-2)/((-22)/(-33)))/(6/(-274))?
3
Let c(l) = 23*l**2 - l + 6. What is the tens digit of c(3)?
1
Let g be -6*3/36*-14. Let w(d) = 25*d + 50. What is the tens digit of w(g)?
2
Suppose -120 = -u - 4*u. Let q be 30/(-4)*u/18. What is the units digit of (-6)/q + (-558)/(-45)?
3
Let l(c) = -2*c**3 - 7*c**2 - 17*c - 21. What is the tens digit of l(-8)?
9
Suppose 3*z + w = 1006, 5*z + 0*z - w - 1682 = 0. What is the tens digit of z?
3
Let z(c) be the first derivative of c**2/2 + 16*c + 10. Let w be z(-16). Suppose -b + 2*g + 41 = w, 0 = -0*b - b + g + 36. What is the tens digit of b?
3
Let b = -1429 + 2519. What is the hundreds digit of b?
0
Suppose 17 = 5*v + 2. Suppose -v*s = -2*s - 3. Suppose 0*r = -g + 2*r + 7, s*r = g - 5. What is the tens digit of g?
1
Let v = -41 - -61. What is the tens digit of v?
2
Let p be -1 - 1/((-2)/222). Let n be (-416)/(-64)*20/2. Let r = p - n. What is the tens digit of r?
4
What is the tens digit of 284*((-3)/(-1) + -1)?
6
Let j(v) = v**3 - 7*v**2 + 15*v - 12. Let u be j(6). Let s be 2/(-1) - 27/1. Let x = s + u. What is the units digit of x?
3
Let d be 1*(-39)/(-6) - 11/22. What is the tens digit of 2050/15*2*d/8?
0
Let x(r) = r + 4. Let j be x(-2). Suppose -3*n = -j*l + 150, l = -0*l - 3*n + 93. What is the units digit of l?
1
Suppose -4*p + 79 = -137. What is the units digit of p?
4
What is the tens digit of (-390)/(-4*(-4)/(-16))?
9
Suppose -5*y - 5*w = -3*w - 1540, -5*y + 2*w + 1520 = 0. What is the units digit of y?
6
Let t(y) = y**3 - y**2 + 22. Let c be t(0). Let g be 3/21 + 13/7. Suppose 5*m - c = -4*h, -2*m + g = 3*h - 4. What is the units digit of m?
6
Let p(t) = t - 11. Let o be p(10). Let y(x) = 12*x**2 + 4*x + 3. What is the tens digit of y(o)?
1
What is the units digit of (-510)/(-2*(-5)/(-25))?
5
Let u = 71 - 47. Suppose -3*c + 121 = f - u, -c = 4*f - 41. What is the tens digit of c?
4
Let l(b) = -b**3 + 6*b**2 + 7*b + 2. Let a be l(7). Suppose -a*w + 2*p = -100, -2*w + 4*p - 100 = -4*w. What is the units digit of w?
0
Let t(i) = 3*i**2 - 15*i - 67. What is the units digit of t(-5)?
3
Suppose 4*c + l = 2108, -1581 = -3*c - 23*l + 25*l. What is the hundreds digit of c?
5
What is the hundreds digit of 3 + 2322 + (7 - 3)*1?
3
Suppose -b + 2*h + 9 = -0*h, 4*b + 4*h - 12 = 0. Suppose -b*a + 30 = -3*t, -6*a + a + 40 = -5*t. Let i(n) = 6*n + 7. What is the units digit of i(a)?
5
Suppose 32*g = -54*g + 72756. What is the hundreds digit of g?
8
Let q = -29 - -16. Let n = 12 + q. What is the units digit of (-784)/(-24) - n/3?
3
Let c(g) = -g**3 - 6*g**2 + 6*g - 5. Let m be c(-7). Suppose -4*t + 232 = -2*r, -2*r - 8 = m*r. Suppose -4*f - t = -7*f. What is the tens digit of f?
1
Suppose 0 = -11*t + 13949 + 12649. What is the units digit of t?
8
Suppose -3*z + 5*j + 2479 = -6859, 0 = 4*z - 4*j - 12448. What is the units digit of z?
1
What is the units digit of (-248463)/(-99) + 6/22?
0
Let r(s) be the first derivative of s**4/4 + 5*s**3/3 - 3*s**2/2 - 11*s - 9. What is the units digit of r(-5)?
4
Suppose -3*m = -4*r - 50, 0*m = -r + 5*m - 4. Let n(v) = v**3 - v**2 + v + 35. Let y be n(0). What is the tens digit of 2110/y - (-4)/r?
6
Let i(g) = 9*g - 10. Suppose -5*z + 8 = -4*z. What is the tens digit of i(z)?
6
Let x = 10691 + -7298. What is the hundreds digit of x?
3
Let c(h) = 2*h - 11. Let b be c(8). Let g = 17 - b. What is the tens digit of g?
1
Let d = 50 + -37. Let y be 0 + -1*(-6)/2. Suppose -y*k = 5*h - 27, -2*h = -4*k - 3 + d. What is the units digit of h?
3
Suppose -14524 = -5*v + 5*g - 5259, -2*g + 5579 = 3*v. What is the hundreds digit of v?
8
Let s(o) = -22*o + 26*o - 2 - 27*o. Let t(z) = -z - 1. Let w be t(0). What is the tens digit of s(w)?
2
Let s(k) = k**2 - 8*k +